)/(h/(-25)) a composite number?
True
Let b = 171 + 853. Suppose 3*a = b + 599. Is a composite?
False
Let n be (-11 - (8 - 12))*4/14. Let o(d) = -3 - 2 - 6 - 1975*d + 2. Is o(n) prime?
False
Let v(j) = j + 22*j**3 - 10*j + 3*j**2 - 2*j + 10 - 5*j**2. Is v(9) a composite number?
False
Let t(l) = 1409*l**2 + 90*l + 980. Is t(-9) a composite number?
False
Suppose 164 = 2*j + 5*t, 0 = 2*j - 3*j + 5*t + 67. Let p = 29 + j. Is p prime?
False
Let r(v) = 921*v - 103. Is r(30) prime?
True
Let r be 30496 + 3 + 30/5 + -4. Let x = -28 - -35. Suppose x*d - r = -2*d. Is d a composite number?
False
Suppose 5*w + 3*j + j + 98369 = 0, -4*w = j + 78704. Let c = w + 39162. Suppose k = -14*k + c. Is k a prime number?
False
Let i = 563937 - 391318. Is i a prime number?
True
Let u(c) = c + 16. Let t be u(-12). Let z be (1 - t) + -3 + 12945. Is (-4)/18 - z/(-27) prime?
True
Suppose 0 = -3*z + 15*v - 11*v - 1, 0 = -2*v + 8. Suppose 0 = -z*w - 20, 9890 = -g + 3*g - 4*w. Is g prime?
True
Let p(c) = -504*c - 12. Let l(j) = 505*j + 15. Let v(a) = -5*l(a) - 6*p(a). Is v(6) a prime number?
False
Let h = 3633 - 2526. Let d = 2110 + h. Is d a composite number?
False
Let k(g) = -29075*g**3 - 2*g**2 + 3*g + 4. Let n be k(-1). Suppose 5*l + p - n = 0, -4*p = -3*l - 6*p + 17443. Is l a composite number?
True
Let x = 211 - 221. Let w(s) = -143*s - 33. Is w(x) prime?
False
Is (6/2 + 72/(-27))/((-4)/(-446844)) a prime number?
False
Let h be 2*((-3)/6 + 2). Is (1 - h - -1)/((-1)/8011) prime?
True
Let u(g) = -49734*g - 15541. Is u(-39) a prime number?
False
Let c(n) = -2899*n + 34. Let l be c(-10). Suppose 2*g = -2*g + l. Is ((-1)/(-2))/(1*4/g) prime?
True
Let u(q) = -2*q**3 + 60*q**2 - 47*q + 442. Is u(-31) composite?
True
Suppose -5*k + 54248 - 15683 = 0. Suppose 2*a - k = 2839. Suppose -11*t = -a - 2083. Is t prime?
False
Let d(a) = -a**3 - 19*a**2 - 17*a + 21. Let t be d(-18). Suppose 3*k - 4*z + 7*z + t = 0, 4*z + 4 = -3*k. Is -1 + -1 + 387/3 + k a composite number?
False
Suppose -5*z - 5*i + 1037470 = 0, -90*i = -3*z - 87*i + 622452. Is z a prime number?
False
Let j(l) = 1844*l - 893. Is j(9) prime?
False
Let s = -35678 - -54517. Is s a composite number?
False
Let m = -52 + 54. Suppose m*h - 12 = -2*h + p, -20 = -5*p. Suppose 0 = -4*w + 5*t + 4703, -h*w = -2*t + 7*t - 4713. Is w a prime number?
False
Suppose -250*w + 378*w = 31100288. Is w composite?
False
Let x(z) = -998*z + 66. Let o be ((-6)/3)/(2 - 12/8). Is x(o) prime?
False
Let n = 1 + -4. Is 3 - (2867 - (4 + n))/(-1) a prime number?
False
Let b = 88 + -85. Suppose 12 - 24 = -b*w. Suppose -w*i + 7450 = 2*d, 3*i + 5 - 14 = 0. Is d a prime number?
True
Suppose -d - 4*g = 6629, 3*g - g - 8 = 0. Let h = -4516 - d. Is h a prime number?
True
Suppose s + 4*k = 1361565, 3892409 = 5*s - 2*k - 2915460. Is s a composite number?
False
Suppose 0 = 4*d - 2*q - 4968, -1235 = 42*d - 43*d - 3*q. Is d a prime number?
False
Suppose 3*m = -m + 4*f + 101956, -5 = 5*f. Suppose 0 = b - q - 6373, -9*b = -5*b - 2*q - m. Is b a composite number?
True
Let x be 17 + 2*(-5)/((-5)/(-2)). Suppose -6*g + 11 = -x. Suppose g*b + 1118 = 17*b. Is b a prime number?
False
Is 229*208 - (27 - 22) composite?
True
Let k(r) be the first derivative of -259*r**4/2 - r**2/2 - 2*r - 14. Is k(-1) a prime number?
False
Suppose 5*v = p - 43, 5*v - 24 = -5*p + 41. Suppose -10*t = -p - 122. Suppose -o - o = -t. Is o prime?
True
Suppose -36142 - 38765 = -29*z. Let b = z - 1574. Is b composite?
False
Let f = 415767 - 294574. Is f a prime number?
False
Suppose -4*d - 63 = -5*x, 3*d - 2*x = -3*x - 33. Is 13740/(-50)*3/(d/10) composite?
True
Let q(l) = 8*l**2 - 13*l - 10. Let g(a) = -a**3 + 20*a**2 + 19*a + 51. Let t be g(21). Is q(t) prime?
True
Let f = 81 - 78. Suppose 12 = -4*d, 3*d + 12 = f*v - 2*v. Is (27266/(-8) - v/4)*-1 a prime number?
False
Suppose -2*t = -5*j + 3*j + 6, 4*j = 2*t + 12. Suppose 5*i + 10418 = 2*s, -4*s - 4*i + 2*i + 20884 = t. Is s composite?
True
Suppose 51*k - 4668957 = 31*k - 103*k. Is k prime?
False
Let r = -5 - -17. Let d(l) = -l**3 + 17*l**2 - 13*l + 19. Is d(r) composite?
True
Suppose -u + 248663 = 4*k, -3*u = 324*k - 320*k - 745997. Is u prime?
False
Suppose 5*t = -m - 13 - 0, 0 = 4*m - 4*t - 68. Let l(y) = 43*y**2 - 21*y - 10. Let h be l(m). Let k = h + -2913. Is k a composite number?
True
Suppose -5*b = 4*t - 32, -3*b = 4*t + t - 27. Suppose t*z + 5530 = 5*z. Suppose -311 = 6*q - z. Is q composite?
False
Let n(c) = 1903*c**2 + 3*c - 2. Let p be n(5). Is 9/3*p/12 prime?
True
Let t = -102295 - -171666. Is t a prime number?
True
Let t(o) = 1286*o**3 - o**2 + 49*o - 9. Is t(5) a composite number?
True
Let u = -77 + 222. Let m = 149 - u. Is m a prime number?
False
Let l = -1071 - -2004. Let p = 1424 - l. Is p a composite number?
False
Suppose 3*o = 11*o - 14288. Let r(y) = -y**2 + 5*y + 2. Let u be r(5). Suppose u*h = -0*h + 4*w + 1194, o = 3*h - 5*w. Is h a prime number?
True
Suppose 13622 + 3249 = -0*u + u. Is u composite?
False
Suppose -23*i + 22*i + 5 = -2*y, 3*i - 5*y = 15. Let o(l) = -l - 16. Let d be o(-18). Suppose d*v = -i*c + c + 14650, -3675 = -c + 2*v. Is c a composite number?
True
Let b(d) = -2*d**3 - 11*d**2 + 9*d - 12. Suppose -3*u - 41 = u + 5*x, 20 = -2*u - 2*x. Let f be b(u). Let p = 839 + f. Is p a prime number?
False
Let k = -103 + 106. Suppose -k*o - 2816 = -4*h, 11*h - 7*h = -4*o + 2788. Is h composite?
False
Let d(c) = -5272*c + 297. Let o be d(-31). Let y = o + -87758. Is y composite?
True
Let l(g) = 3194*g**2 - 39*g - 48. Is l(-5) prime?
True
Suppose -4*y + 814160 = 4*k, -28*k + 30*k - 407074 = 4*y. Is k a prime number?
False
Suppose 3*l = 2*u - 87722, 3*u + 3*l = 7*l + 131582. Suppose 2*f + 2*k - 3*k - 17543 = 0, 0 = 5*f - 3*k - u. Suppose 3*b - f = -1142. Is b a prime number?
True
Let v(j) = 5*j + 9. Suppose 15*s = 12*s - 33. Let t be v(s). Is (-23)/t + 2161/2 prime?
False
Let b = 661 - 665. Is (b/(-30)*-3)/(14/(-358505)) prime?
True
Let b(i) be the third derivative of 47*i**5/30 + 11*i**4/24 + 8*i**3/3 - 36*i**2 - 2*i. Is b(7) a prime number?
False
Let g = 7 + 21. Let l = -23 + g. Suppose l*n + 4*d - 465 = 836, 2*d - 8 = 0. Is n prime?
True
Let v(c) = 2 - 6*c**2 + 5*c**2 - 10 + 26*c**2 - 6*c. Let a = -2 + -5. Is v(a) a prime number?
True
Let y be (0 - -1)*34*2/(-4). Let r = 20 + y. Is (r/(-2))/(1/(-2)) - -755 a composite number?
True
Suppose 0 = t - h - 17146, 5*t - h - 38752 - 46958 = 0. Is t prime?
False
Let s(w) = -w**2 + 14*w - 9. Let a be s(13). Suppose -a*p = 4*v - 4 - 48, 5*v - p = 59. Suppose -v*u + 9*u = -3573. Is u prime?
False
Suppose 3*r - 1313943 = -85*c + 81*c, -4*r - 3*c = -1751945. Is r a prime number?
False
Let a = 92437 - -26508. Is a a composite number?
True
Let b = 78 + -73. Let g be 0 - -8347 - (b - 9) - 1. Let o = g + -5423. Is o composite?
False
Let a(c) = -c**3 - 42*c**2 - 17*c + 105. Let k be a(-42). Suppose 0 = k*d - 812*d - 1337. Is d a composite number?
False
Let u = 12550 - -1306. Suppose -2*j = -4*k - j + 27726, 2*k = -3*j + u. Is k a prime number?
False
Let n(m) = 9*m**2 + 108*m + 3271. Is n(116) prime?
False
Suppose 0 = -5*q + f + 2699, 0 = -2*q - 46*f + 43*f + 1100. Is q composite?
False
Suppose -13*u + 17*u - 2*h + 24950 = 0, 12465 = -2*u + 3*h. Let y = u - -8753. Is y a composite number?
True
Let z(s) = -s**3 + 8*s**2 + 45*s - 9. Let o be z(-6). Suppose 0 = 2*v - 6*v. Suppose v*x - x - g = -o, -4*x - 5*g + 902 = 0. Is x a composite number?
False
Suppose 61*p - 58*p = 245361. Let f = p - 57773. Is f prime?
False
Let t(g) = 2*g**3 - 17*g**2 + 22*g + 11. Let z be t(10). Let l = 2042 + z. Is l prime?
False
Let t be 6*-1*(-6)/9. Is 2*(2495/10 - t) prime?
True
Let u be (-5)/10*-34 - 5. Suppose u = -14*b + 20*b. Suppose -b*m + 106 = -2620. Is m a prime number?
False
Is -3*1190159/3*(-6 - -5) a prime number?
True
Let t be ((-173)/(-4))/((-7)/(-56)). Let k = t - 100. Suppose -3*f + 21 = -k. Is f prime?
True
Suppose 2*p + 60 = 5*b, 4*b - p - 39 - 6 = 0. Suppose -4360 = b*f - 15870. Is f composite?
False
Let r = 30 - 52. Let c(s) = s**3 + 21*s**2 - 22*s - 3. Let d be c(r). Is (2049/d)/((-7)/7) prime?
True
Is 36997/(2/(-3) + 89 + -88) prime?
False
Let v = -83 + 76. Is (-242)/4*v/7*2 a prime number?
False
Let h be (-4)/(-6) - ((-490)/30 + 12). Suppose 2*q + 24797 = 3*j, h*j = -q + 5392 + 35945. 